hat is the remainder when 63548 is divided by 32?
28
Calculate the remainder when 7483 is divided by 280.
203
What is the remainder when 123199 is divided by 3240?
79
Calculate the remainder when 680248 is divided by 737.
734
What is the remainder when 204 is divided by 72?
60
Calculate the remainder when 5822 is divided by 5791.
31
What is the remainder when 388 is divided by 181?
26
Calculate the remainder when 1660 is divided by 422.
394
What is the remainder when 7046 is divided by 779?
35
What is the remainder when 56162 is divided by 67?
16
Calculate the remainder when 7487 is divided by 48.
47
What is the remainder when 5690 is divided by 1404?
74
Calculate the remainder when 597 is divided by 349.
248
What is the remainder when 1154480 is divided by 6?
2
Calculate the remainder when 160050 is divided by 5335.
0
What is the remainder when 4493 is divided by 136?
5
Calculate the remainder when 81387 is divided by 57.
48
Calculate the remainder when 8746 is divided by 795.
1
Calculate the remainder when 19385 is divided by 54.
53
Calculate the remainder when 21256 is divided by 1905.
301
What is the remainder when 117270 is divided by 214?
212
Calculate the remainder when 858224 is divided by 714.
710
What is the remainder when 17998 is divided by 530?
508
What is the remainder when 51304 is divided by 19?
4
What is the remainder when 3934304 is divided by 23?
16
What is the remainder when 6567 is divided by 90?
87
Calculate the remainder when 172861 is divided by 15.
1
Calculate the remainder when 119970 is divided by 367.
328
Calculate the remainder when 2157 is divided by 268.
13
Calculate the remainder when 37031 is divided by 15.
11
Calculate the remainder when 4493 is divided by 4465.
28
Calculate the remainder when 73621 is divided by 715.
691
Calculate the remainder when 8792 is divided by 798.
14
Calculate the remainder when 28965 is divided by 3.
0
What is the remainder when 18300 is divided by 6097?
9
Calculate the remainder when 482855 is divided by 12.
11
What is the remainder when 5792 is divided by 92?
88
Calculate the remainder when 19861 is divided by 27.
16
What is the remainder when 4016 is divided by 975?
116
What is the remainder when 18948 is divided by 3789?
3
Calculate the remainder when 198898 is divided by 17.
15
Calculate the remainder when 178788 is divided by 941.
939
Calculate the remainder when 1655 is divided by 456.
287
What is the remainder when 2294 is divided by 992?
310
What is the remainder when 1728 is divided by 757?
214
Calculate the remainder when 7807 is divided by 412.
391
Calculate the remainder when 11159 is divided by 3715.
14
What is the remainder when 70276 is divided by 17?
15
Calculate the remainder when 6083 is divided by 36.
35
Calculate the remainder when 32519 is divided by 28.
11
Calculate the remainder when 10628 is divided by 76.
64
What is the remainder when 69902 is divided by 2330?
2
What is the remainder when 351728 is divided by 351722?
6
What is the remainder when 241923 is divided by 133?
129
Calculate the remainder when 53829 is divided by 17930.
39
Calculate the remainder when 21857 is divided by 41.
4
What is the remainder when 341498 is divided by 14?
10
What is the remainder when 1134 is divided by 437?
260
Calculate the remainder when 11466 is divided by 426.
390
What is the remainder when 3482 is divided by 346?
22
Calculate the remainder when 5722 is divided by 5645.
77
What is the remainder when 129236 is divided by 173?
5
Calculate the remainder when 2661 is divided by 80.
21
What is the remainder when 1977 is divided by 1501?
476
What is the remainder when 743069 is divided by 212?
9
What is the remainder when 2972 is divided by 429?
398
What is the remainder when 9498 is divided by 5?
3
What is the remainder when 7889 is divided by 3?
2
What is the remainder when 868 is divided by 840?
28
What is the remainder when 13872 is divided by 3401?
268
Calculate the remainder when 19312 is divided by 53.
20
Calculate the remainder when 9370 is divided by 4669.
32
Calculate the remainder when 11158 is divided by 68.
6
What is the remainder when 108800 is divided by 1511?
8
Calculate the remainder when 40178 is divided by 1916.
1858
What is the remainder when 1745 is divided by 350?
345
Calculate the remainder when 72035 is divided by 18.
17
Calculate the remainder when 587110 is divided by 293543.
24
What is the remainder when 3368 is divided by 1665?
38
Calculate the remainder when 4067 is divided by 511.
490
What is the remainder when 682 is divided by 530?
152
Calculate the remainder when 6911 is divided by 2132.
515
Calculate the remainder when 72978 is divided by 924.
906
What is the remainder when 421307 is divided by 20?
7
What is the remainder when 2188 is divided by 33?
10
Calculate the remainder when 43274 is divided by 3606.
2
What is the remainder when 948337 is divided by 63222?
7
Calculate the remainder when 652 is divided by 192.
76
Calculate the remainder when 50372 is divided by 13.
10
Calculate the remainder when 30801 is divided by 4.
1
What is the remainder when 6081 is divided by 17?
12
What is the remainder when 387814 is divided by 193903?
8
Calculate the remainder when 2683627 is divided by 3.
1
What is the remainder when 32900 is divided by 155?
40
Calculate the remainder when 599125 is divided by 67.
11
Calculate the remainder when 40465 is divided by 19.
14
What is the remainder when 2201118 is divided by 22?
18
Calculate the remainder when 94601 is divided by 268.
265
Calculate the remainder when 867 is divided by 24.
3
Calculate the remainder when 347 is divided by 132.
83
Calculate the remainder when 773 is divided by 73.
43
What is the remainder when 9308 is divided by 1230?
698
Calculate the remainder when 602 is divided by 129.
86
What is the remainder when 657 is divided by 348?
309
Calculate the remainder when 27731 is divided by 590.
1
Calculate the remainder when 592753 is divided by 26.
5
What is the remainder when 141955 is divided by 338?
333
What is the remainder when 3321 is divided by 59?
17
What is the remainder when 24575 is divided by 51?
44
Calculate the remainder when 1081006 is divided by 44.
14
Calculate the remainder when 8809 is divided by 2111.
365
Calculate the remainder when 9778 is divided by 1387.
69
Calculate the remainder when 5741 is divided by 65.
21
Calculate the remainder when 6531 is divided by 260.
31
Calculate the remainder when 6693 is divided by 1671.
9
What is the remainder when 114947 is divided by 206?
205
What is the remainder when 32750 is divided by 185?
5
What is the remainder when 3747 is divided by 343?
317
What is the remainder when 9924 is divided by 354?
12
Calculate the remainder when 232595 is divided by 273.
272
Calculate the remainder when 14975 is divided by 1507.
1412
What is the remainder when 26864 is divided by 1032?
32
Calculate the remainder when 431454 is divided by 97.
95
What is the remainder when 392930 is divided by 32744?
2
What is the remainder when 2708594 is divided by 69?
68
Calculate the remainder when 3841 is divided by 696.
361
What is the remainder when 582 is divided by 366?
216
What is the remainder when 14123 is divided by 471?
464
Calculate the remainder when 39543 is divided by 374.
273
Calculate the remainder when 56835 is divided by 13.
12
What is the remainder when 2451 is divided by 502?
443
Calculate the remainder when 13834 is divided by 1729.
2
What is the remainder when 85924 is divided by 3182?
10
Calculate the remainder when 246508 is divided by 32.
12
Calculate the remainder when 9611 is divided by 3026.
533
What is the remainder when 22373 is divided by 167?
162
Calculate the remainder when 88573 is divided by 840.
373
Calculate the remainder when 84919 is divided by 954.
13
Calculate the remainder when 29667 is divided by 138.
135
What is the remainder when 15072 is divided by 83?
49
Calculate the remainder when 18397 is divided by 1671.
16
What is the remainder when 311314 is divided by 95?
94
Calculate the remainder when 4242 is divided by 17.
9
What is the remainder when 1753 is divided by 1521?
232
What is the remainder when 26330 is divided by 405?
5
Calculate the remainder when 207368 is divided by 324.
8
Calculate the remainder when 30846 